 25 + 15 = x*s. What is the greatest common divisor of 4 and s?
4
Suppose -3*m + m = -6. Suppose u - m*i = 8, 4*i + 0 + 4 = 0. Calculate the highest common factor of 5 and u.
5
Let s = 936 + -851. What is the greatest common divisor of 10 and s?
5
Let g(j) = -2*j - 18. Let q be g(-9). Suppose q*v = 2*v - 10. What is the highest common divisor of v and 55?
5
Let v be (14 + 4 + -5 + 7)*1. Calculate the greatest common divisor of v and 80.
20
Suppose -2*k + 45 = 3*k. Suppose 3*g + 5 = 14, -5*o = -3*g - 6. What is the highest common divisor of k and o?
3
Let q be (34/4)/((-19)/(-38)). Calculate the highest common factor of q and 272.
17
Suppose -3*l = -0 - 9. Suppose 4*p = -5*k + 308, l*k + 385 = 5*p - k. Calculate the greatest common factor of 7 and p.
7
Let s(g) = 2*g**2 - 9*g + 23. Let j be s(5). Calculate the greatest common factor of j and 8.
4
Let k be (-18990)/(-144) - (-7)/56. What is the greatest common factor of 384 and k?
12
Suppose 47*i + 3*w - 152 = 43*i, -w + 179 = 5*i. Calculate the highest common factor of i and 15.
5
Let x be 144 - (1 + 7/(-1)). What is the highest common divisor of 390 and x?
30
Suppose -395 - 397 = -4*h. Let a be (3/1)/((-72)/(-432)). Calculate the highest common factor of a and h.
18
Let n = 412 - 40. What is the greatest common factor of 12 and n?
12
Let k be (-1)/(2 - 145/72). Calculate the greatest common factor of 384 and k.
24
Suppose 7*y - 6*y - 2*q = 0, -2*q = -10. Calculate the highest common divisor of 160 and y.
10
Let o(l) = 85*l**3 + 6*l - 7. Let p be o(1). What is the greatest common divisor of p and 798?
42
Let o be 24 + (-6)/2 - (7 - 2). What is the greatest common divisor of o and 20?
4
Let c be 63/12 - (-2)/(-8). Let k(p) = -p**2 + 7*p + 1. Let d be k(c). Let u = 24 - -64. What is the highest common factor of u and d?
11
Let j be (9/6 + -2)*0. Suppose 0 = 4*h - 3*i - 47, -h - 3*i + 23 = -j*h. What is the highest common divisor of 14 and h?
14
Let j(f) = -f**2 + 10*f - 12. Let w be j(8). Suppose v = w*v + 24. Let o = v + 12. Calculate the greatest common divisor of o and 28.
4
Let s(v) = v**3 - 2*v**2 + 2*v - 1. Suppose 5*o - 3*o = 2. Let c be s(o). Suppose i - 6*i + 120 = c. Calculate the greatest common divisor of 8 and i.
8
Let w = 51 - 111. Let a be w/(-1 + -1)*(-3)/(-6). What is the highest common divisor of 30 and a?
15
Let p = -83 - -32. Let o = 12 - p. Calculate the highest common divisor of o and 9.
9
Let p(t) = t**2 + 2*t + 31. Let j be p(-6). Calculate the highest common factor of 1045 and j.
55
Let y(h) = -3*h + 24. Let x be y(7). Let b be (35 + 8/2)*1/x. Calculate the highest common divisor of b and 13.
13
Suppose -b - 2*b + 90 = 0. Suppose -54 + 45 = -3*q. Suppose 2*d - q*i + 1 = b, -5*i + 15 = 0. Calculate the greatest common factor of d and 171.
19
Let g be (-1884)/1099*7/(-2). What is the highest common divisor of g and 768?
6
Let n be (62/(-2))/(0 - (3 + -4)). Let d = 54 - n. What is the highest common divisor of 17 and d?
17
Let r(s) = -s**2 + 12*s + 5. Let y be r(10). Let z(o) = -7*o**3 + o**2 - 4*o - 10. Let k be z(-3). What is the highest common divisor of k and y?
25
Suppose 0 = -95*o + 100*o - 525. Let u be (0 + 1)/(0 + 1). Let j be (u - (-2)/(-2)) + 15. What is the greatest common divisor of o and j?
15
Suppose 3*g - 29 - 55 = 3*r, -2*g + r = -60. What is the greatest common divisor of g and 416?
32
Let f = -679 - -708. Let j = 538 + -248. Calculate the highest common divisor of j and f.
29
Let p be (-12 + (-224)/(-35))/((-1)/10). What is the greatest common factor of 868 and p?
28
Let o(a) = -a**2 - 20*a + 59. Let i be o(0). Calculate the greatest common divisor of i and 3009.
59
Let u = 42 + -105. Let y = 102 + u. What is the greatest common factor of 13 and y?
13
Suppose 31*j - 28 = 24*j. Suppose 0 = -4*h - 2*b + 56, -j*h + 13 + 51 = -2*b. What is the highest common divisor of h and 75?
15
Suppose 2*v - 141 + 93 = 0. Calculate the highest common factor of 192 and v.
24
Let p(o) = -8*o - 48. Let k be p(-15). Suppose -4*g - 4*r + 18 = -3*g, -r + 54 = 3*g. Calculate the highest common divisor of k and g.
18
Suppose 0 = -18*v + 19*v. Let y = 5 + v. Suppose 0 = 2*j - 5*k - 50, -102 = -y*j + k - 0*k. Calculate the greatest common divisor of 180 and j.
20
Let k be 1695/226*(-20)/(-6). Calculate the greatest common divisor of 1050 and k.
25
Let r = 48 - 47. What is the greatest common factor of r and 9?
1
Suppose -4*k = -4 - 56. Let o be (296/28 - -5) + (-52)/91. What is the greatest common divisor of k and o?
15
Let a = -2365 - -2495. What is the greatest common factor of a and 208?
26
Suppose 0 = 4*g + 2*n - 144, 5*g = 4*n + n + 165. Suppose 6*h - h = -5*m + g, -5*h - 53 = -3*m. What is the greatest common divisor of m and 77?
11
Suppose -w = 4*n - 18, -4*n - 2*w = -5*w - 26. Let f be (-1 - -13)*n/4. Let b be (f/35)/(1/7). What is the greatest common divisor of 12 and b?
3
Let d(y) = 6*y - 25. Let x(v) = -2*v. Let b(k) = d(k) + 5*x(k). Let n be b(-10). Calculate the greatest common factor of n and 165.
15
Let m be (-2002)/(-104) + 6/8. Suppose -36 = -d + 2*s, 84 = 2*d - 2*s + 4*s. Calculate the greatest common divisor of d and m.
20
Let r be 5/(-3)*(-21 + 0). What is the greatest common factor of 10 and r?
5
Let m(t) = 19*t**2 + 3*t + 1. Let b be m(-3). Let n be 1*11*(-21)/(-21). Let k = b - n. Calculate the highest common divisor of 19 and k.
19
Let c = 1531 + -1521. Calculate the highest common factor of c and 145.
5
Let m(v) = 3 - 1 + 2 - 24*v + 0*v. Let k be m(-1). What is the highest common factor of k and 28?
28
Let c(o) = 0 + 3*o + 1237*o**2 - 1236*o**2 + 11. Let b be c(0). Calculate the greatest common factor of b and 33.
11
Let o(m) = 93*m - 3899. Let s be o(42). Let f(j) = 19*j - 3. Let w be f(2). What is the greatest common factor of w and s?
7
Let i(d) = -d**3 - 14*d**2 - 24*d + 117. Let u be i(-11). Let h = 47 + 7. Calculate the highest common divisor of h and u.
18
Suppose 0 = -4*l - 163 - 209. Suppose n = 6*n - 740. Let i = n + l. What is the highest common divisor of 5 and i?
5
Suppose -2*x - 3*y = -24, -4*y + 10 = -4*x + 3*x. What is the highest common factor of 642 and x?
6
Let k(p) = -p + 1. Let v(j) = -5. Let z(m) = 6*k(m) - v(m). Let y be z(3). Let d be -4 + (-40)/(y - -3). Calculate the greatest common divisor of 4 and d.
2
Let h = 28 - 24. Suppose 280 = k + h*k. Suppose k = 9*y - 2*y. What is the highest common factor of 8 and y?
8
Suppose 5*p - 17 = 183. Let i be ((-994)/56)/(1/(-4)). Suppose -2*q + 129 + i = 0. What is the greatest common divisor of p and q?
20
Suppose 0 = 5*m - 38 + 23. Suppose m*d = 39 + 18. Let s be (d/3)/((-1)/(-3)). Calculate the greatest common factor of s and 133.
19
Suppose 0*c - 3*c = -78. Let b(t) be the second derivative of -59*t**3/6 - 9*t**2/2 + 20*t. Let h be b(-5). Calculate the greatest common factor of h and c.
26
Let v(b) = 94*b - 4. Let r be v(1). Let f be ((-40)/12)/((-1)/3). What is the greatest common factor of f and r?
10
Suppose -a = 2*a - 5*v - 455, 4*a - v = 584. Suppose a = 5*m + 45. Let o be m/2 - (-6)/(-3). Calculate the highest common divisor of 2 and o.
2
Let r(z) = -z**3 + 23*z**2 + 31*z - 140. Let m be r(24). Suppose -2*l + 18 = 2*l - j, -10 = -2*l + j. Calculate the highest common divisor of l and m.
4
Suppose 2*i - 7 + 1 = 0. Let y be 3/1 - i/(-3). Suppose -4*k - 4 = -6*k. Calculate the highest common factor of y and k.
2
Let b be 2/2*(0 + 1). Let q be (-1)/(2 - 2 - b). Let a be 5*((-18)/(-15))/q. What is the greatest common divisor of a and 2?
2
Suppose w + 9258 = -2*w + 4*p, 5*w - 3*p + 15441 = 0. Let i be 2/(-14) + w/(-70). What is the greatest common divisor of 11 and i?
11
Let u = -13 + 39. Calculate the greatest common factor of 10 and u.
2
Let t = 12 + 108. Suppose 29*z - t = 26*z. Calculate the highest common factor of 50 and z.
10
Let h = -427 - -435. What is the greatest common divisor of h and 296?
8
Suppose -g - 2*h + 34 = 0, 14*h - 128 = -4*g + 10*h. What is the greatest common factor of g and 330?
30
Suppose 18*g = 24*g + 1056. Let k = g + 319. Calculate the highest common factor of 13 and k.
13
Let r(a) = a**3 + 3*a**2 - 2*a - 1. Let x be r(-3). Suppose -x*y - 4*b = -508, y = 4*b - b + 113. Calculate the greatest common factor of y and 13.
13
Let d(t) = 45*t - 441. Let o be d(24